 q = c - -47. What is the tens digit of q?
1
Let f be 36/27*(4 - 1). Suppose -f*v + 276 = 2*v. Let p = v + -29. What is the tens digit of p?
1
Suppose -4*n - 96 = -z, -z = -2*n + n - 81. What is the units digit of z?
6
What is the tens digit of 1579/4 + (14/(-8))/(-7)?
9
Let v(t) = -12*t - 6. Let h be v(-1). Let x = h - -50. What is the tens digit of x?
5
Let y = 202 + -78. Let x = y - 67. What is the tens digit of x?
5
Let p be 3492/33 + (-6)/(-33). Let q = 7 + p. What is the tens digit of q?
1
Let m(j) be the third derivative of -j**6/120 + j**5/10 - j**4/12 + j**3/6 - j**2. Suppose -7 - 3 = -2*h. What is the units digit of m(h)?
6
What is the units digit of 27/(-270) - (1 - (-14103)/(-30))?
9
Let x(z) = 3*z**3 + 45*z**2 + 42*z + 21. Let m(c) = c**3 + 15*c**2 + 14*c + 7. Let d(t) = -8*m(t) + 3*x(t). What is the units digit of d(-14)?
7
Let r(p) = -p**2 - 7*p + 7. Let x be r(-9). Let m = 7 + x. What is the units digit of 34/10 - m/(-10)?
3
Suppose 17*g + 20*g = 135605. What is the hundreds digit of g?
6
Let n(w) = -49*w - 349. What is the hundreds digit of n(-13)?
2
What is the hundreds digit of 674089/156 - 1/12?
3
Let q(n) = 5*n + 19. Suppose -5*w + 157 = 47. What is the tens digit of q(w)?
2
Let k = -58 - -137. Let a = k - -14. Suppose 3*t - a = -15. What is the units digit of t?
6
Suppose -339 = 4*y - f - 4758, 0 = -4*y - 4*f + 4444. What is the thousands digit of y?
1
Suppose 40 = 2*c - 3*h, 4*c - 3*h = -0*h + 80. Suppose s - c = 11. What is the tens digit of s?
3
Suppose 2*w + p + 34 = 0, w + 2 + 8 = -4*p. Suppose f - 2*f = -3*i - 11, 4*f - 3*i = -1. What is the tens digit of (-346)/w + f/18?
1
Suppose 5*d + 4*o - 1346 = 0, 0 = 8*o - 6*o - 8. What is the tens digit of d?
6
Suppose 2*a - 2*c = 10, -2*c + 12 = 2*a - 5*c. Suppose a*r - 5 = 3*f - 4*f, 0 = 2*r - 2*f + 10. Suppose 2*d + r - 4 = 0. What is the units digit of d?
2
Let q = 92 - 89. Suppose 234 = q*i - 513. What is the units digit of i?
9
Suppose -3*i + 0*i - 69 = 0. Let x = i + 74. What is the tens digit of x?
5
Suppose y + 4*g - 162 = 0, -2*y - 2*g + 306 = -3*g. What is the tens digit of y?
5
Suppose -3*d = -4*c - 51, 5*c - d + 66 = 2*d. Let x(r) = -2*r + 34. What is the tens digit of x(c)?
6
Let o(g) = -4*g + 54. Let d = 62 - 49. What is the units digit of o(d)?
2
Suppose 5*o = 5*v + 5545, 8*o - 1079 = 7*o - 5*v. What is the hundreds digit of o?
1
What is the units digit of (5 - 9) + 2454 + 0?
0
Let d(y) = y - 1. Let p be d(-7). Let i = 8 + p. Suppose h + 0*h = 2*o + 45, i = -o - 4. What is the tens digit of h?
3
Let o(x) = x**3 + x + 2. Let v be o(0). Suppose -5*k + 9 = -v*k. Suppose -k*d + 84 = d. What is the tens digit of d?
2
Let c(w) = w**2 - 9*w + 5. Let k be c(11). Suppose -4*d + 57 + k = 0. What is the tens digit of d?
2
Let v be ((-1)/2)/((-11)/(-638)). What is the units digit of v*(-4 + -5 + 4)?
5
Suppose 25*m - 1526 = 21*m + d, -2*m + 756 = -4*d. What is the units digit of m?
2
What is the thousands digit of ((-21)/(-2))/((-1)/(-122))?
1
Suppose -1760 = -5*y + 2*q, -4*y - 2*q + 1436 = 2*q. What is the hundreds digit of y?
3
Suppose 0 = 4*w - 233 - 75. What is the units digit of w?
7
Let f be (-11)/(-44) + (-1)/4. Suppose -4*g + 240 + 288 = f. What is the units digit of g?
2
Let m(v) = 3*v + 12. Let w(l) = -l + 1. Let n(r) = m(r) - 5*w(r). What is the tens digit of n(5)?
4
Let r(d) = d. Let g be r(1). Suppose -2*f = 5*x + f + 166, -5*x = -f + 158. What is the units digit of ((-6)/12)/(g/x)?
6
Let v be 2/(-3)*(-180)/40. Suppose v*i - 4*n + 334 = 5*i, -4*i + 4*n = -644. Suppose -3*d + 4*q = -i - 15, 5*q + 182 = 3*d. What is the units digit of d?
4
Let y = 5 + -3. Let m be 1 + (276/4 - y). Let i = m + -43. What is the tens digit of i?
2
Suppose 3*q - 29 = 31. Suppose -2*r = -0*r - 6. Suppose r*n - q = 1. What is the units digit of n?
7
Suppose 15 = -j - 3*v, -4*j - v - 5 = -j. Suppose 3*s = -3*f - j*s + 102, 72 = 2*f - 2*s. Suppose 5*r = f + 30. What is the tens digit of r?
1
Let h(w) = -w. Let l(k) = 2*k + 7. Let z(x) = -4*h(x) - l(x). Let i(t) = -2*t - 10. Let o be i(-10). What is the tens digit of z(o)?
1
Let z be (-10)/(-4)*(-6)/(-5). Let k(l) = 38*l**2 + 6*l + 5. Let q be k(-1). Suppose 4*j + a + 67 = 166, -2*j - z*a = -q. What is the tens digit of j?
2
Let h(d) = d - 1. Let o be h(4). Suppose 339 = o*n - 3*c, -2*c = 2*n - c - 229. What is the units digit of n?
4
Suppose 3*z - 8636 = -2*f, -3*f = -3*z + 3941 + 4690. What is the hundreds digit of z?
8
What is the thousands digit of 2 - -6603 - 6*(-22)/(-33)?
6
Suppose 50*v = 42*v + 11256. What is the thousands digit of v?
1
Suppose 0 = -3*f - 5*x + 1942, 0 = -7*f + 3*f - 2*x + 2566. What is the hundreds digit of f?
6
Let c = 1996 + -876. What is the thousands digit of c?
1
Suppose 84 = 5*f - 2*f. Let v be 4/(-20) - (-12)/(-15). Let a = v + f. What is the units digit of a?
7
Let v(h) = h**2 + 3*h - 2. Let q be v(3). Let j = 25 - q. Suppose 0 = -j*i + 12*i - 177. What is the units digit of i?
9
Let t = 190 - 205. Let j be (-2 - -2) + 27 + -2. Let v = t + j. What is the units digit of v?
0
Suppose 3*d - 408 = d. Let s = d - 84. What is the hundreds digit of s?
1
Let x(y) = 15*y + 28. Let d(j) = 14*j + 27. Let q(i) = 3*d(i) - 2*x(i). What is the tens digit of q(10)?
4
Let o = -121 + 288. What is the hundreds digit of o?
1
Suppose 2*p + 8 = 0, -3*p = -2*j - 0*j + 18. Let r = 3 - -1. Suppose -13 - j = -r*x, 3*s - 27 = -3*x. What is the units digit of s?
5
Let s(h) = -h**3 - 15*h**2 + 4*h + 15. Let g be s(-15). Let n = 48 - g. Suppose 15*j - 12*j = n. What is the tens digit of j?
3
Let l = 676 - -3873. What is the hundreds digit of l?
5
Suppose 5*m = 3*u + 2604, 3*m - 4*u - 1422 = 147. What is the units digit of m?
9
Let c(v) = -v**3 + 3*v**2 + 4*v + 4. Let l be c(4). Let i = 35 - 33. Suppose 270 = i*u + l*u. What is the tens digit of u?
4
Let f = -14 - -13. Let p(y) = -3*y**3 + 2*y**2 + 2*y + 1. Let x be p(f). Suppose -2*w - 3*u + 3 = -58, 2*w + x*u = 64. What is the units digit of w?
6
Let t(v) = -v**2 - 2*v + 17. Let s be t(-5). Suppose 290 = -s*w + 7*w. Let i = -14 + w. What is the units digit of i?
4
Let x(i) = 42*i**2 - 19*i - 13. What is the hundreds digit of x(4)?
5
What is the units digit of (-2 - -1) + (1 - -4) + 113?
7
Suppose 2*t + 0*t + 1896 = 4*h, 4*h = t + 1898. What is the hundreds digit of h?
4
Let j be -3 + 2*6/2. Suppose j*v = v + 78. Let f = -23 + v. What is the tens digit of f?
1
Let c = -34 + 33. Let g = c + 3. Suppose -g*s = -111 + 25. What is the units digit of s?
3
Let i = 31 + -66. Let m = i + 52. What is the tens digit of m?
1
Let s(n) = -n**3 - 5*n**2 + 5*n + 2. Let h be s(-6). Let x = h - -47. Suppose 4*r + r - x = 0. What is the tens digit of r?
1
Suppose 0 = -12*l + 3*l + 18. Suppose -l*y + 284 = -0*y. What is the tens digit of y?
4
Let l(y) = 2*y**2 - 8*y + 18. Let h be l(11). Let w = h - 93. What is the tens digit of w?
7
Let u(z) be the first derivative of z**2 + 36*z - 8. Let w be u(-15). Suppose w*s - 2*s = 180. What is the tens digit of s?
4
Suppose 4*h + 337 = 89. Let p(x) = -x**2 - 9*x - 12. Let d be p(-8). What is the units digit of (h*2)/d + -2?
9
Suppose 0*d - d = 0. Suppose -2*f + 17 + 73 = d. Suppose -117 = -4*x - f. What is the units digit of x?
8
Let r(j) = j**3 - 9*j**2 - 10*j + 6. Let l be r(10). What is the units digit of (-24)/l - (-1 + -73)?
0
Let m(a) = 323*a - 170. What is the tens digit of m(3)?
9
Let r(v) = 23*v + 41. What is the hundreds digit of r(8)?
2
Let n = -8 + 10. Suppose -2*z - 8 = d, 2*d + 3*d = -n*z - 16. Let k(f) = -2*f + 8. What is the units digit of k(z)?
4
Let p = 1593 - 641. What is the hundreds digit of p?
9
Suppose -6*u + 19 - 1 = 0. Suppose 0 = 3*j - 2*c - 21, 0 = j + u*j + 4*c - 8. Suppose j + 3 = -2*r, 0 = q + 5*r - 4. What is the units digit of q?
4
Suppose -12*r + 14*r - 577 = -k, 3*r - 873 = k. What is the hundreds digit of r?
2
Let o(x) = 21*x + 7. Let c be o(2). Suppose -2*r + c = -95. What is the tens digit of r?
7
Let v be (-10)/(-2) + (2 + 1 - 6). What is the units digit of (v/5)/(1/345)?
8
Suppose -7*n = o - 28598, -5*n - 3*o + 17876 + 2558 = 0. What is the hundreds digit of n?
0
Let a = -181 - -185. Let n = -90 - -60. What is the tens digit of n/(-2)*1 + a?
1
Let r(z) = -59*z - 440. What is the hundreds digit of r(-12)?
2
What is the